7
Let m(n) = -n**2 - 5644*n - 28152. Calculate m(-5).
43
Let q(o) = -9098*o + 18203. What is q(2)?
7
Let l(b) = -24*b**3 - 4*b**2 + 70*b + 74. Determine l(-1).
24
Let o(t) = 2*t**2 + 29552*t - 177359. What is o(6)?
25
Let t(p) = 4*p**3 - 75*p**2 - 43*p - 47. Calculate t(20).
1093
Let n(a) = -a**2 - 6905*a - 2880701. What is n(-446)?
13
Let u(g) = -1351*g - 48663. Determine u(-36).
-27
Let f(v) = -68*v + 9894. What is f(149)?
-238
Let w(f) = 3499*f + 14181. Give w(-4).
185
Let q(m) = 8427*m - 2747193. Give q(326).
9
Let l(o) = 1390*o + 143167. What is l(-103)?
-3
Let o(t) = -9*t**2 - 41*t + 345. What is o(-11)?
-293
Let u(a) = 19753*a - 1204954. Calculate u(61).
-21
Let w(u) = -17*u**2 + 2578*u + 487. Determine w(151).
2148
Let r(m) = -669*m - 4225. Calculate r(-6).
-211
Let o(t) = -6*t - 1160. What is o(-214)?
124
Let k(n) = 10128*n + 9418. Give k(-1).
-710
Let a(q) = 3*q**3 - 236*q**2 - 82*q + 1214. Determine a(79).
977
Let c(j) = -72*j + 31302. What is c(416)?
1350
Let s(b) = b**3 + 31*b**2 + 693*b + 14630. Calculate s(-26).
-8
Let g(a) = -23*a**3 + 134*a**2 + 59*a - 164. Determine g(6).
46
Let q(g) = 48*g**3 + 440*g**2 + 480*g + 268. Give q(-8).
12
Let i(s) = 19578*s + 1918577. Determine i(-98).
-67
Let g(x) = -2086*x + 27117. Calculate g(13).
-1
Let b(f) = 3338*f + 1595572. Determine b(-478).
8
Let h(y) = -12*y**2 - 224*y - 1389. Calculate h(-7).
-409
Let d(k) = -4596*k - 900818. Determine d(-196).
-2
Let r(o) = o**3 - 35*o**2 + 17*o + 1238. What is r(7)?
-15
Let y(i) = -i**3 + 74*i**2 - 40*i - 2691. Determine y(73).
-282
Let m(z) = z**3 - 58*z**2 + 644*z - 99. Give m(43).
-142
Let a(k) = 5*k**3 - 99*k**2 - 252*k + 242. Give a(22).
22
Let w(q) = -3*q**3 + 410*q**2 + 855*q + 61. Determine w(-2).
15
Let g(q) = 5260*q + 568087. Calculate g(-108).
7
Let b(c) = 11846*c + 23185. Give b(-2).
-507
Let b(r) = 3*r**3 - 135*r**2 + 128*r - 173. Calculate b(44).
-349
Let h(s) = s**3 + 12*s**2 + 540*s - 65. Give h(0).
-65
Let g(b) = -9*b**2 + 3438*b - 328275. Determine g(192).
45
Let q(s) = 6*s**3 - 15*s**2 - 134*s + 380. Give q(3).
5
Let f(s) = -12899*s + 322335. Give f(25).
-140
Let d(w) = 603*w - 4582. What is d(7)?
-361
Let y(f) = -14*f**2 + 128*f + 3875. Calculate y(21).
389
Let c(o) = 6*o**2 + 1509*o - 9253. Calculate c(6).
17
Let t(q) = 26*q**3 - 87*q**2 + 368*q - 6. Give t(4).
1738
Let k(i) = -24*i**2 - 611*i - 1824. Calculate k(-22).
2
Let o(n) = -8168*n - 48987. Calculate o(-6).
21
Let v(t) = t**3 + 144*t**2 + 337*t + 91784. Determine v(-146).
-50
Let v(u) = -3*u**2 - 146*u - 1055. Give v(-9).
16
Let g(z) = -z**3 + 3576*z**2 + 14321*z + 6. Determine g(-4).
2
Let b(l) = 45*l - 2699. What is b(78)?
811
Let w(x) = -x**3 - 27*x**2 - 82*x - 759. What is w(-21)?
-1683
Let o(u) = 38*u**2 - 2358*u + 2309. Determine o(1).
-11
Let u(q) = q**2 - 589*q + 82943. Give u(233).
-5
Let l(w) = 2316*w + 268544. Calculate l(-116).
-112
Let p(j) = 39*j + 19503. Calculate p(-500).
3
Let a(b) = 14*b**2 - 2941*b + 5916. What is a(2)?
90
Let s(b) = -30398*b + 11095279. What is s(365)?
9
Let r(z) = -z**3 - 21*z**2 + 50743*z + 429. Calculate r(-236).
-279
Let p(n) = -n**3 - 147*n**2 + 1311*n + 11037. Determine p(-155).
32
Let l(d) = -d**3 - 94*d**2 + 20609*d + 2000886. Calculate l(-100).
-14
Let l(m) = -87*m**2 + 5962*m + 35230. Calculate l(74).
6
Let q(d) = 3*d**3 + 1541*d**2 + 98335*d - 463. Calculate q(-439).
-24
Let o(l) = 161*l - 41850. Give o(260).
10
Let s(f) = 271615*f + 1086485. Determine s(-4).
25
Let i(x) = -51*x**2 - 301*x + 459. Calculate i(-7).
67
Let l(x) = 428*x**2 + 119*x - 2. What is l(-1)?
307
Let a(q) = 208*q + 22043. What is a(-104)?
411
Let h(o) = -263*o - 33586. Give h(-129).
341
Let l(a) = -45792*a + 1740095. Calculate l(38).
-1
Let f(j) = 5*j**3 + 26*j - 431. Calculate f(7).
1466
Let p(z) = -z**3 + 178*z**2 - 1349*z - 25. Give p(8).
63
Let v(b) = 2*b**3 + 431*b**2 + 213*b - 360. What is v(-215)?
70
Let j(z) = z**3 - 56*z**2 + 550*z + 121. What is j(43)?
-266
Let d(q) = -q**3 + 144*q**2 - 3586*q - 86. Give d(32).
-150
Let l(a) = 168617*a - 6913298. Give l(41).
-1
Let t(z) = -42*z**3 + 354*z**2 - 611*z - 4. Calculate t(6).
2
Let r(c) = c**3 - 61*c**2 - 32481*c - 15961. Give r(-152).
-1
Let v(a) = 2*a**3 - 45*a**2 - 45*a + 4051. Calculate v(16).
3
Let v(x) = -26*x - 1826. Determine v(-157).
2256
Let p(o) = -2*o**3 + 11*o**2 - 407*o - 2137. Calculate p(-5).
423
Let b(n) = n**3 - 675*n**2 + 4056*n - 28105. Calculate b(669).
-7
Let b(k) = -88599*k + 1151781. Determine b(13).
-6
Let j(a) = 11*a**2 + 1459*a + 5664. What is j(-4)?
4
Let r(w) = -759*w + 22512. Calculate r(24).
4296
Let z(f) = f**3 - 15*f**2 - 168*f + 2355. What is z(11)?
23
Let z(m) = -83634*m - 15723186. Give z(-188).
6
Let i(k) = -k**3 + 18*k**2 - 27*k - 30. Determine i(7).
320
Let h(w) = 74*w**2 - 3154*w - 1219. Give h(43).
-15
Let f(v) = -27*v**2 - 10781*v - 56338. Determine f(-394).
4
Let u(n) = 1883*n + 837961. Calculate u(-445).
26
Let h(j) = 860*j + 4237. Determine h(-11).
-5223
Let i(a) = -3*a**3 - 137*a**2 - 70*a + 778. What is i(-45)?
-122
Let n(w) = -20*w - 2580. Calculate n(-123).
-120
Let p(z) = -1042*z + 27334. Calculate p(26).
242
Let b(f) = 6*f**3 + 2*f**2 + 32*f + 93. Give b(-3).
-147
Let s(p) = -96*p**3 + 2784*p**2 - 5*p + 110. Give s(29).
-35
Let w(v) = -6*v**2 - 239*v - 598. Determine w(-31).
1045
Let t(v) = -47*v**3 - 81*v - 79. Determine t(-1).
49
Let z(r) = r**3 + 3*r**2 - 1367*r - 4098. Calculate z(-3).
3
Let s(o) = 8*o**2 + 931*o + 25957. What is s(-70)?
-13
Let b(h) = 2876*h + 20119. Determine b(-7).
-13
Let l(c) = -1016*c - 231701. Calculate l(-228).
-53
Let m(o) = -14*o**2 + 8580*o - 15955. What is m(611)?
-69
Let k(f) = 190759*f + 2098363. What is k(-11)?
14
Let i(w) = 2*w**3 + 217*w**2 + 100*w - 4918. Give i(-108).
-4054
Let o(f) = -196*f + 2966. Calculate o(10).
1006
Let z(v) = -3*v**2 - 930*v + 21060. Calculate z(22).
-852
Let c(f) = 2*f**3 - 39*f**2 - 122*f + 74. Calculate c(23).
971
Let d(a) = -a**3 + 83*a**2 - 241*a - 862. Give d(80).
-942
Let r(h) = 23*h**2 - 349*h - 18581. What is r(37)?
-7
Let j(r) = -468*r**2 - 1861*r + 41. Calculate j(-4).
-3
Let m(g) = -g**2 - 7001*g - 34965. Determine m(-5).
15
Let y(l) = -2*l**3 - 176*l**2 + 160*l - 758. Give y(-89).
844
Let x(d) = -d**3 - 25*d**2 + 1063*d + 4345. Give x(-46).
-117
Let d(u) = 8*u**2 - 786*u + 18926. Calculate d(56).
-2
Let c(v) = 71*v**2 + 390*v - 310. What is c(-6)?
-94
Let a(y) = 123010*y + 246124. Determine a(-2).
104
Let p(u) = -5*u**2 + 371870*u + 743758. Calculate p(-2).
-2
Let u(y) = -2994*y + 23907. What is u(8)?
-45
Let c(x) = -2*x**3 + 37*x**2 + 70*x - 110. Calculate c(-3).
67
Let v(t) = -7*t**2 + 281*t + 6283. Calculate v(-16).
-5
Let t(i) = 445*i + 17918. Give t(-40).
118
Let k(z) = z**3 - 20*z**2 - 29137*z + 634. What is k(-161)?
-10
Let r(y) = -9694*y + 58147. What is r(6)?
-17
Let g(n) = 6*n**3 - 21*n**2 + 59*n - 163. Determine g(3).
-13
Let h(g) = 129834*g - 778982. Give h(6).
22
Let i(h) = 1273753*h - 11463809. Calculate i(9).
-32
Let b(a) = 273*a + 18585. Give b(-68).
21
Let b(n) = -23212*n + 46432. Give b(2).
8
Let p(b) = -6*b**2 - 334*b + 1781. Calculate p(5).
-39
Let i(h) = 122*h**2 + 9411*h + 1307. Determine i(-77).
-2
Let k(d) = 23422*d + 117060. Calculate k(-5).
-50
Let v(k) = -209246*k + 4184915. Calculate v(20).
-5
Let v(n) = 3*n**2 - 76157*n - 1448051. What is v(-19)?
15
Let w(f) = -f**3 + f**2 + 31*f + 405. What is w(7)?
328
Let r(b) = -1870*b + 16591. Determine r(9).
-239
Let z(b) = -b**3 - b**2 + 3199*b - 450. Determine z(56).
-58
Let q(h) = 67096*h + 1073565. What is q(-16)?
29
Let d(a) = 4488*a + 8851. Give d(-2).
-125
Let n(y) = y**3 - 16*y**2 - 945*y - 7139. What is n(-11)?
-11
Let f(a) = 4*a**2 - 550*a - 209977. Give f(308).
79
Let c(t) = t**3 - 2*t**2 + 185*t + 744. Calculate c(-4).
-92
Let g(o) = 396*o + 12097. Determine g(-30).
217
Let h(m) = 43*m - 1771. What is h(53)?
508
Let k(y) = 367*y - 24227. Calculate k(66).
-5
Let k(c) = 14928*c - 104604. Give k(7).
-108
Let h(g) = -g**2 - 513*g - 11295. What is h(-23)?
-25
Let s(t) = t**3 - 23*t**2 + 901*t + 17839. Give s(-13).
42
Let a(i) = i**2 + 3722*i + 1079440. Calculate a(-317).
55
Let q(o) = -o**3 - 312*o**2 - 1542*o - 2306. Determine q(-307).
-157
Let n(z) = -z**3 - 56*z**2 - 457*z + 513. Give n(-10).
